3*v + 11. Let x be d(f). Let s = 150 - x. Is s a composite number?
False
Let a(h) = -h + 9. Let c be a(6). Let w be (-836 - 0*(-2)/(-6)) + c. Is (2 - 1) + (-13 - w) prime?
True
Let k(c) = -c**3 + 12*c**2 + 13*c - 5. Let q(z) = 2*z**2 + z - 2. Let h be q(-3). Let m be k(h). Let p(y) = -24*y + 1. Is p(m) a composite number?
True
Let h be (-7 - -3) + 4 + 2 + 1. Suppose h*a - 49171 = 29252. Is a a prime number?
True
Let d(u) = -34*u - 11. Let h(s) = -s**3 + 16*s**2 + 2*s - 23. Let i be h(16). Suppose 27 = -4*g - i. Is d(g) a composite number?
True
Let f = -44 - -50. Suppose -4*i + 3*o = -15, -f*o = -i - 2*o + 7. Is ((-1912)/6)/((-2)/i) prime?
False
Suppose 273*k + 1587966 = 275*k - 2*i, i = 4*k - 3175914. Is k a prime number?
False
Let l(n) = -1368*n - 2549. Is l(-30) a composite number?
True
Suppose o + 4*o = -x + 878009, -3*x = -4*o + 702392. Is o composite?
False
Suppose 0 = -38*z + 549870 + 1135468. Is z prime?
True
Let w(y) = y**3 - 8*y**2 + y + 4. Let c be w(8). Let l be (-20)/c*(-6)/5. Is 2 + ((-2348)/(-2) - l*1) composite?
True
Suppose 940958 = 4*d + 3*g, -99087 = -d + 4*g + 136162. Is d prime?
True
Let d(u) = 9847*u**3 - 13*u**2 + 47*u + 4. Is d(3) prime?
False
Suppose 2070*w + 57895 = 2075*w. Is w a prime number?
True
Let n(y) = -4 - 5*y + 0*y + 3 + 3*y. Let k be n(-3). Is ((-446)/k)/(8/(-20)) prime?
True
Suppose -g - 1483 = 4*g - o, 4*g = 4*o - 1180. Let n = 746 + g. Suppose -2*f + 129 = -n. Is f composite?
True
Let w be 3/(-4) - (-11)/4. Let g be -4010*(4/(-5))/w. Suppose 168 = -2*l + g. Is l prime?
False
Let c = -651 + 654. Suppose -t + 42 = c*x - 12, 0 = -4*t - 4*x + 224. Is t prime?
False
Suppose 63*b = 71*b + 37504. Is (-1 + (-3)/(-2))/((-4)/b) prime?
False
Let g(a) = -193*a - 8233. Is g(-122) composite?
False
Let r(p) = 4212*p**3 - 9*p**2 + 9*p + 77. Is r(3) prime?
False
Let d = 2192950 + -1282503. Is d composite?
False
Let o(t) = -6500*t**2 - 15*t - 6742*t**2 - 20*t + 40*t - 6. Let q be o(2). Is q/(-36) - 2/9 a prime number?
True
Suppose 0 = 5*f - 1201314 - 3037861. Is f a composite number?
True
Let y = -45 - -51. Let l(t) = 39 - 112*t - 9 - y + 7. Is l(-10) composite?
False
Suppose 5*n - 38 = -2*y + 4*y, 3*y + 31 = n. Let u be (-11 + -1)*((-6)/y - 1). Suppose -3*m - 60 = -3*t, 4*m + 0*m - 104 = -u*t. Is t composite?
False
Suppose -10*s = 2*k - 1666, 0 = 3*k + 6*s - 3*s - 2463. Is k a prime number?
False
Let s(d) = -d - 3. Let y be s(-3). Let t(g) = 252*g - 1256. Let w be t(5). Is 395 - (2 - w - y) a prime number?
True
Suppose -5*k = 190 + 5. Let g = k + 384. Suppose g = -9*n + 14*n. Is n a composite number?
True
Let a = -122 - -124. Is 1/a + (1 - 18206/(-4)) composite?
True
Suppose 135 = -3*i - 2*l - l, 176 = -4*i - 3*l. Let f = 43 + i. Suppose 0 = -2*r + 5*r + f*t - 923, -5*r = -t - 1534. Is r a composite number?
False
Suppose 1633 + 3353 = 9*n. Suppose -2*w = -376 - n. Let y = w + 712. Is y prime?
False
Suppose 17*g + 2*m + 2293273 = 10566088, 4*g - 1946527 = -3*m. Is g a composite number?
False
Let w be (3 - -1) + 84/(-4). Let z(a) = -a**2 - 18*a - 19. Let t be z(w). Let n = 29 - t. Is n composite?
False
Suppose 3*w - 211 = -3*z - 2*w, -3*w = 3. Suppose -46*f - 18 = -156. Suppose -2*n = -f*r - 294, r + z + 355 = 3*n. Is n prime?
False
Is ((-131837)/(-2))/((-48)/1080 - (-196)/360) composite?
False
Let s(x) be the second derivative of -5*x**3/6 - 5*x**2 - 12*x. Let m be s(-3). Is m/((-50)/15)*388/(-3) prime?
False
Let d = -575162 - -1195095. Is d a prime number?
False
Let z = 98 - 100. Is z/(((-8)/(-676))/(-1)) composite?
True
Suppose -5*o + p + 14958 = 0, o - 2*p - 884 = 2113. Is o composite?
True
Is (-16)/(-48) - 7/(84/(-732008)) composite?
False
Let z(p) = -3*p**3 - 27*p**2 - 28*p + 41. Is z(-18) a prime number?
True
Let g be (-868)/6*(-36)/24. Suppose -g*b - 814 = -219*b. Is b prime?
False
Suppose -3*j = 4*o - 5, -5*o + 3 = j + 5. Suppose -3*z + 17319 = j*q, q = 2*z - 103 - 11446. Is z a composite number?
True
Let p(i) = -i**2 - 5*i - 4. Let o be p(-4). Suppose -k - 671 + 0 = o. Let y = 1008 + k. Is y composite?
False
Suppose 10*f = 4*x + 12*f + 4532, 3*x + 2*f + 3397 = 0. Let q = -1 + 1. Is (1 - q)/((-3)/(x - 2)) prime?
True
Let p be 1/(-2) + (-6)/((-48)/1580). Suppose -j - 4*l = -p, l = -4*j + 3*l + 734. Is j prime?
False
Suppose 13*t - 948009 = -123332 + 1000770. Is t prime?
True
Suppose 2*y - 90 = -82. Let p(o) = 116*o**2 + 12*o - 1. Is p(y) composite?
True
Suppose 42*f + 89*f - 5564794 - 1833169 = 0. Is f composite?
False
Let l = -35013 - -121924. Is l a prime number?
False
Let y(b) = 8*b**2 - 34*b - 294. Let j be y(-8). Suppose -7*q = 4*p - 4*q - 1013, -j = -2*p + 4*q. Is p a prime number?
True
Let g be -1*(4 - 10*29). Let t = -15 + g. Let a = t + 122. Is a a composite number?
True
Suppose 4*l = -12, -22*z = -12*l + 9*l - 4474127. Is z a composite number?
True
Let r(n) = n**3 - 49*n**2 + 4*n - 205. Let j be r(49). Suppose -572 - 1078 = 3*p. Is (p - j)*1*(-2 + 1) a prime number?
True
Let u = -13 - -16. Suppose k = u*k - 4. Suppose -7*b = -k*b - 435. Is b a composite number?
True
Suppose -2*w - 148 = -0*w. Let b be (104/16)/((-73)/w + -1). Is 0/3 - (-4)/(-2) - b a prime number?
True
Let d(h) = 29243*h**3 + h**2 - 10*h + 9. Is d(1) composite?
False
Let d be 1724*(13/13)/(4/23). Suppose 4*z - 16330 = 2*m, -2*m - 10500 - d = -5*z. Is z a prime number?
False
Let j = -4042 + 1154. Let c = 4051 + j. Is c a prime number?
True
Let z(h) = -h - 1. Let v(g) = 13*g**2 + 2*g + 2. Let q(k) = v(k) + 3*z(k). Let s be q(-2). Suppose 2*u = -p - 2*u + 49, 0 = -p - 5*u + s. Is p prime?
False
Let c(v) = 420*v + 5 - 182*v + 179*v. Is c(2) composite?
False
Let b(a) = -2*a**2 + 19*a + 2. Let m be b(24). Let r = m - -1181. Is r a prime number?
True
Suppose -584 = -v + 829. Suppose 3662 + 2489 = 2*n - 3*x, 4*x - 3048 = -n. Let s = n - v. Is s prime?
False
Suppose 705*s = 707*s - 60. Is (106614/9)/(12/s) a composite number?
True
Suppose -17*x = -13*x + 12, -3*h - 4*x + 9243 = 0. Suppose -k = 3*w - 9223, 0*w + 3*k - h = -w. Is w composite?
True
Let t(z) = 2*z**3 - 61*z**2 + 8*z - 42. Let g be t(31). Let w be (-79)/(2*2/(-20)). Suppose 11*d - w = g. Is d prime?
False
Let n = 848461 + -537492. Is n prime?
True
Let s = 311319 - -123482. Is s composite?
True
Suppose 1290235 = 3*m + l, -2*m + 5*m - 1290219 = -3*l. Is m a composite number?
False
Suppose -11*i + 16*i - 22*c - 2409577 = 0, 0 = -4*i - c + 1927736. Is i a prime number?
False
Let s(n) = -323*n + 1. Suppose -16*u + 15*u = 20. Let a = 14 + u. Is s(a) prime?
False
Let j(c) = 9*c**2 - 15*c + 117. Let p be j(-26). Suppose -p = -2*u + 3475. Is u composite?
True
Suppose -11*z - 5*m - 321975 = -16*z, -z - 3*m + 64379 = 0. Is z composite?
True
Let x(f) = f**2 - 19*f + 41. Let c be x(17). Suppose -1145 = c*h - 12*h. Let b = h + -111. Is b prime?
False
Is -2 - 6/(-6) - -121004 a prime number?
False
Let p = -3 - -83. Let m = p + -75. Suppose 2*x + m*o = 306, 0 = -x - 5*o - 98 + 261. Is x a prime number?
False
Let a(r) = -3*r**3 + 15*r**2 - 19*r - 11. Let z be a(11). Let p = z - -4571. Is p prime?
False
Is (25879/(-21) + 7)/(144/(-9612)) a prime number?
False
Let u = 1635 + -639. Suppose -20*x - u = -24*x. Is x a composite number?
True
Let s = -73987 + 106686. Is s a composite number?
True
Suppose 0 = 8*s - 10*s - 90. Let t be (5*1 - -1) + 45/s. Suppose 5*z - 1895 = 5*b, 3*z + t*b = 3*b + 1147. Is z composite?
True
Let b = -781492 + 1183197. Is b composite?
True
Suppose 0 = -y + 5, -4*c = -7*c + 2*y + 560. Suppose 3*t - 49 = -c. Let x = t + 345. Is x a composite number?
True
Let o = -27712 - -48563. Is o a composite number?
True
Suppose -3*o - 3*t = -24, -3*o - 2*t = 2*o - 25. Suppose -20 = -2*j + o*f, 10 = 4*j + 5*f - 8. Suppose 3*m - j - 50 = 0. Is m a prime number?
True
Suppose 9*a + 12 = 12*a. Let k be 3 + 4 + 7*(-4)/a. Suppose -3*d + d + 596 = k. Is d a composite number?
True
Suppose 6*p - 2 = -38. Let a = p - -9. Suppose -a*d = 16 - 175. Is d composite?
False
Let s = 0 - 0. Suppose s = 7*k - 0*k - 1813. Let f = 372 + k. Is f a composite number?
False
Suppose 5*r - 2*r = 171. Suppose -73 = -2*c - r. Is 1814*(-2)/c*-2 a composite number?
False
Let n = 27768 - -57890. Is n a prime number?
False
Let v(u) = 4270*u**2 + 10*u - 1. Let a(q) = -4270*q**2 - 9*q + 2. Let i(b) = -4*a(b) - 3*v(b). Let j be